 n. Suppose 5*u + 3*k - 5*k + 20 = 0, 4*k + 50 = -5*u. Calculate m(u).
0
Let z(g) = -2*g**2 - 7*g + 2. Suppose -3*a - 12 = 3*y - 0*y, -2*y = -a - 7. Give z(a).
-13
Let g(u) = -u**2 - 3*u + 2. Suppose 2*f + 2 = -4. Give g(f).
2
Suppose 9*y = 4*y - 25. Let g(r) = r**3 + 5*r**2 - 2*r + 1. Give g(y).
11
Let d(i) = 9*i - 105. Let l(y) = -y + 13. Let q(a) = 4*d(a) + 33*l(a). What is q(-6)?
-9
Let d(w) = -6*w + 5. Let t(h) = h - 1. Let k(v) = d(v) + 2*t(v). Give k(2).
-5
Suppose -2*c + 4*i = 8*i, 5*c - 4*i = -14. Let t be c + 1/(-2)*0. Let y(p) = 2 + 3*p + 3*p + 3*p**2 - 2*p. Determine y(t).
6
Let b(a) = -a**3 + 3*a**2 + 3. Suppose -5*z + 20 + 0 = 0, 16 = 2*p + 2*z. Suppose 3*y = -p*j - 3, -j = 4*y + 2*j - 3. What is b(y)?
3
Let m(b) be the third derivative of b**6/60 - b**5/30 + b**3/6 - 2*b**2. Let v(k) = 2*k + 15. Let r be v(-8). Determine m(r).
-3
Let h(i) = i**2 + 4*i + 3. Suppose -5*u + 3 = -17, -12 = -4*b + 5*u. Let t be 42/b + 3/(-12). Let k = 2 - t. Determine h(k).
0
Let o(s) = -s**3 + 5*s**2 - 2*s + 2. Let g be o(5). Let x = g - -4. Let n(k) = -2*k + 1. Calculate n(x).
9
Let u(v) be the first derivative of 0 + 1 - 2 + v**2. Let f be (2 - 1)*-1*1. Give u(f).
-2
Let i(n) = n**2 + 5*n. Let s(a) = -a**2 - 4*a. Let j(u) = 5*i(u) + 6*s(u). Determine j(-2).
-6
Let s(o) be the third derivative of o**6/120 + o**5/60 + o**4/24 + o**3/6 + 7*o**2. Determine s(0).
1
Let w(a) = a**2 - 4*a + 3. Let c be (16/20)/((-4)/(-10)). Give w(c).
-1
Suppose 4 = -3*w + 4*w. Let g(s) = 8*s + 1 - w*s - 5. What is g(4)?
12
Let p(m) = -1 + m**2 - 18*m**3 - 4*m + m + 19*m**3. What is p(-3)?
-10
Let j(w) be the third derivative of w**6/120 - w**5/60 + w**4/24 + 4*w**3/3 + w**2. Suppose -4*k = k - 6*k. Give j(k).
8
Let f be 0 - (2 + -2 - 2). Let b(r) = 0*r + 2*r**f - 1 - r + 5*r. Let j be (-3*(-4 + 3))/(-1). Determine b(j).
5
Suppose 2*z + 4 = -0*z. Let c(f) = f**2 + f + 2. Let n be c(z). Let r(y) = -y**3 + 5*y**2 - 3*y + 2. Calculate r(n).
6
Suppose 0 = -3*r - 15. Let a be (-5 + 12)*(-2)/(-2). Let c(b) = -5*b - b**2 - a + 0*b**2 + 0*b**2. Determine c(r).
-7
Let w(x) = 7*x - 1. Let h(c) = 15*c + 13. Let a(y) = -7*y - 6. Suppose 0*q = 2*q - 26. Let s(k) = q*a(k) + 6*h(k). Let u(f) = 4*s(f) + w(f). Calculate u(-1).
-4
Let l(x) = -2*x + 1. Let q = -58 - -12. Let r be q/(-12) + 2/12. Give l(r).
-7
Let n = -14 + 18. Suppose 3*g = 4*j + 9, -n + 2 = g - 3*j. Let v(t) = -t**3 + 6*t**2 + 7*t - 6. What is v(g)?
-6
Suppose 0*u = u - 5. Let n(i) = -i**3 + 5*i**2 + 5*i - 3. What is n(u)?
22
Let a(n) be the first derivative of -n**2/2 + 7*n - 33. Calculate a(6).
1
Let z = 12 + -11. Suppose -l - z = 4. Let o(v) = -v - 6. Give o(l).
-1
Let l(m) = -m**2 + 8*m. Let k be l(8). Let n(q) = q**2 - q + 15. Give n(k).
15
Let b(v) = v - 3. Let m be (-6)/18*(-9)/3. Let c be m*(0 + 6)/2. Give b(c).
0
Suppose 1 = 4*g + 2*t + 9, -t + 16 = -3*g. Let d(l) = -l**3 + 3*l**2 + 1 - 4*l + 2*l**3 + 2*l. Give d(g).
-7
Let a(n) = n - 7 + n + 0*n - n. Let x be (-286)/8 - (-9)/12. Let r be 4/10 + (-196)/x. Determine a(r).
-1
Let o(i) = -9*i**3 + 2 + 8*i**3 - 6*i**2 - 1 + 2*i**2 + i. Calculate o(-4).
-3
Let c(h) = -3 + 1 - 4 + 2*h + 5. Let p be c(1). Let i(f) = -9*f - 1. Calculate i(p).
-10
Let v(w) = w**3 + 5*w**2 - 8*w. Suppose 5*m = -0*j + 3*j - 15, 15 = -3*j. Calculate v(m).
12
Let o = 69 + -67. Let n(d) = -2*d**2 + 2*d + 1. Give n(o).
-3
Let i(p) = 8*p**3 - p. Let n be -2 + 1 + (3 - -1) - 4. Give i(n).
-7
Let o(h) = h + 13. Suppose -5*v - 9 = -2*a - 3, -v = -3*a - 17. Determine o(a).
6
Let q(l) = -2*l + 65. Let c be q(30). Let t(s) = -s**3 + 6*s**2 - 8*s + 6. Determine t(c).
-9
Let v(s) = s**3 + 4*s**2 - 4*s + 4. Suppose 7*t - 25 = 12*t. Calculate v(t).
-1
Suppose 3*s + 1 = 31. Let a(m) = 14 - m + 3*m - s. Calculate a(-3).
-2
Let h(t) be the third derivative of -t**9/60480 - t**8/20160 - t**5/30 - 4*t**2. Let f(d) be the third derivative of h(d). Give f(-1).
0
Suppose 2*v + 6 = v. Let c(d) = -d**3 - 5*d**2 + 4*d - 1. Calculate c(v).
11
Let t(z) be the third derivative of -1/30*z**5 + 1/12*z**4 + 0*z + 0*z**3 + 1/60*z**6 + 0 - 2*z**2. Let v(l) = l**2 - 5*l + 6. Let c be v(4). Determine t(c).
12
Suppose -4*p - 40 = 2*i, -4*i + p + p = 90. Let l = 26 + i. Let r(d) = d - 6. Calculate r(l).
-2
Let d(n) = -2*n**2 + 19*n + 7. Let t(u) = -u**2 + 9*u + 3. Let q(h) = 3*d(h) - 7*t(h). Calculate q(6).
0
Let f(r) be the third derivative of 3*r**2 + 1/60*r**5 + 1/24*r**4 + 0*r + 0 - 1/6*r**3. What is f(-3)?
5
Suppose 0 = 3*p - 15. Let q(m) = -m**3 + 6*m**2 - 7*m + 6. What is q(p)?
-4
Suppose -2 = 2*l - 18. Let x(m) = m - 3. What is x(l)?
5
Let g(y) = 4*y**2 + 2*y + 1. Let t be g(3). Let a(k) = -43*k + t*k - 1 + k**2. Give a(0).
-1
Suppose 3*r = -b - r + 17, r = 4*b - 17. Suppose u = -b*s + 3, -3*s = -2*u + 4*u - 6. Let j(h) = -h**3 + 3*h**2 - 3*h + 1. Determine j(u).
-8
Let u(o) = o**2 + o - 4. Suppose -2*q = -v - 17 + 2, 2*q - 25 = 3*v. Let x = 8 - q. What is u(x)?
8
Let i(m) = -m**3 - 2*m**2 - 2*m - 4. Suppose -w = -0*w + 3. Give i(w).
11
Let j(q) = -4*q - 2 + 0*q + 7*q. What is j(-2)?
-8
Let d be (1 + -81)*(-1)/(-2). Let z be d/(-18) - 4/18. Let k(c) = -c**3 + 2*c**2 - 2*c + 2. Determine k(z).
-2
Let i = -16 + 12. Let o(w) = -3*w + 2 + w**2 + 2 - 2*w**2. What is o(i)?
0
Let k(o) = -13 - 80*o + 73*o - 3*o**2 + 4*o**2. Determine k(9).
5
Let w(l) = l. Suppose 0 = 2*u + 1 - 3. Let s(j) = -6*j - 4. Let h(m) = u*s(m) + 3*w(m). Calculate h(3).
-13
Let v(c) be the third derivative of c**9/60480 - c**8/6720 - c**7/1008 + c**6/180 - c**5/60 + 4*c**2. Let z(i) be the third derivative of v(i). What is z(4)?
0
Let j be 0 - 3 - (2 - 6). Let b(h) = -h**2 + h - 1. Give b(j).
-1
Let i = 23 + -17. Let k(m) = m**2 + 8*m - m - 2*m**2. Give k(i).
6
Let y be 102/14 - (-2)/(-7). Let w = y - 12. Let c(r) = -6*r**3 - r**2 - 6*r. Let x(i) = -5*i**3 - 2*i**2 - 6*i. Let h(j) = -4*c(j) + 5*x(j). Calculate h(w).
5
Let h(f) = -f**2 - 6*f + 13. Let g be h(-7). Let d(k) = 2*k - 6. What is d(g)?
6
Let n(j) = j**2 + 4*j + 1. Let z = 26 + -8. Let b be ((-12)/z)/(2/6). Let k be (0 + 1)*b - 2. Give n(k).
1
Let g(y) = 2*y - 2. Let l(k) = k**3 - 3*k**2 - 2*k - 4. Let q be l(4). Suppose r + q = -r. Calculate g(r).
-6
Suppose 2*p = -0*p - 5*z + 11, 2*z = -p + 5. Let q(w) = 2*w**2 - w - 1. Let n(t) = t**2. Let k(j) = p*q(j) - 5*n(j). Suppose 0 = -4*x - x + 20. Give k(x).
1
Let n = 4 + -2. Suppose 4 = 3*k - 5*f - 12, n*f = -3*k - 19. Let j(d) = -d**3 - 4*d**2 - 3*d - 4. Calculate j(k).
-4
Let d(x) = -2 + 3 - 4 + 73*x - 68*x. Calculate d(2).
7
Let t(s) = -17 - 2*s + s**2 + 0*s**3 + 20 + 4*s**2 - s**3. What is t(5)?
-7
Let x(h) = h**2 + 7*h + 1. Let d(j) = -j**2 - 4*j - 6. Let r(u) = 2*u**2 - 14*u - 4. Let p be r(7). Let y be d(p). Calculate x(y).
-5
Let c(y) be the first derivative of 8*y**3/3 - y**2/2 - 20. Determine c(-1).
9
Let m(w) = w**2 + 1 - 3*w**2 - w**2. Suppose -3*d = -d + 3*l - 21, -2*d = 5*l - 23. Let b = 8 - d. What is m(b)?
-2
Let s(i) = -i**3 + 4*i**2 - 2*i. Let z(j) = -j**3 - j**2 + j + 2. Let r be z(0). Suppose 4*o + 7 = 5*d, 1 = -r*o + 5. Calculate s(d).
3
Let t(m) be the second derivative of -m**4/12 + m**3/3 - m**2/2 + 2*m. What is t(4)?
-9
Let v(g) be the third derivative of -g**7/840 + g**6/72 + g**5/20 - g**4/8 + g**3/2 + 2*g**2. Let d(k) be the first derivative of v(k). Determine d(6).
-3
Let t be (-3 - -6 - 6)/(-1). Let r(z) = -z**t - 5*z + z - 3 + 0*z - z**2 - 3*z**2. Determine r(-3).
0
Let l(n) = n + 5. Let d(a) = -a - 4. Let j(f) = -6*d(f) - 5*l(f). Let w(x) = x**3 - 3*x**2 - 4*x + 3. Let p be w(4). Give j(p).
2
Let o(h) = -h + 1. Let z(p) = -5*p + 5. Suppose -5*a + 10 = -w + 2*w, -a + 20 = 2*w. Suppose 3*d - w = 2. Let c(s) = d*o(s) - z(s). Determine c(5).
4
Let u(b) = b**3 + 7*b**2 + b + 5. Let i be u(-7). Let n(a) = a**2 - 2*a + 1. Let w be n(2). Let f(x) = -2*x + x**2 - w - 1 - 1 + 2*x**3 - x**3. Determine f(i).
-3
Let f be -2 + (9 + -2)*5. Suppose -i = 2*i - 3*s - f, -5*i + 45 = -3*s. Let d(u) = u**2 - 7*u + 3. What is d(i)?
-3
Let w(z) = z**3 + 4*z**2 + 3*z. Suppose 2 = -5*y - 8. What is w(y)?
2
Let v(g) be the first derivative of g**2/2 + 4*g + 17. Let c(m) = m**2 + 7*m + 5. Let h be c(-7). Suppose 0 = h*l - 4*l. Calculate v(l).
4
Let z(f) = -3*f**3 - f**2 - f + 1. Let m = 23 - 22. Give z(m).
-4
Let f(v) = v**3 + 5*v**2 + 3*v